 derivative of -u**5/20 + u**4/3 + 7*u**3/6 - 5*u**2/2 + 7*u. Calculate l(5).
5
Let b(u) = u. Let a(m) = 2*m - 2. Let x be a(2). Suppose r - h + 13 = -x*r, 3*r = -5*h + 11. Determine b(r).
-3
Let x = -4 + 1. Suppose -2*p - 10 = -2*t - 0*p, -1 = t + 5*p. Let s(k) = -3*k**3 + t*k**3 + 3*k + 2 - 6 + 4*k**2. Give s(x).
-4
Let g(o) = 4*o + 0*o + 1 + o**2 + 2*o - 8. Calculate g(-7).
0
Let h(j) be the first derivative of j**2/2 + 13*j + 22. Calculate h(-7).
6
Let j(d) = -5. Let z be -4 + -1 + 5 + -4. Let h(f) be the first derivative of f**2/2 - 4*f - 9. Let w(o) = z*h(o) + 3*j(o). What is w(1)?
-3
Suppose 3*m - d = 0, 5*d - 11 = 3*m + m. Let h = 3 + m. Suppose 2*x + 0*x - h = 0. Let t(q) = -q**2 + 3*q - 2. Calculate t(x).
0
Let b(c) = c + 3*c**3 + 0 + 3 - 2*c**3 + 2 + 5*c**2. Calculate b(-5).
0
Let c = 9 - 12. Let m = 0 - c. Let a(v) = v**2 - 4*v + 3. Calculate a(m).
0
Let y(m) = -m**3 + 4*m**2 + 5*m - 1. Let v = -111 - -116. What is y(v)?
-1
Let p be -1 + 1 + -3 - -5. Let b be -6*(5 - p)/(-9). Let v(i) = 2*i. Calculate v(b).
4
Let q(s) = -2*s**2 + 2*s + 1. Suppose -6 = m - 3. Let z = m + 8. Suppose 4 - 9 = z*p. What is q(p)?
-3
Let s = -13 - -18. Let i(d) = -2 + s*d - 3*d - d. What is i(3)?
1
Let c(h) = -h + 6. Let j be c(6). Let z(f) = -4*f + 1 - 3 + j. Give z(-2).
6
Let r = -2 - 4. Let l(t) be the first derivative of t**2/2 + 3*t + 1. Calculate l(r).
-3
Let q(j) be the second derivative of -j**4/12 - j**3/3 + 2*j**2 + j. Give q(-3).
1
Let z(n) = 5*n**2. Let y be z(1). Suppose -2*d + 3*b - 10 = b, -y*b + 17 = 3*d. Let r(w) = -6*w. Determine r(d).
6
Let o = 26 + -9. Let p = o - 13. Let a(z) = z**2 - 4*z + 6. Determine a(p).
6
Let s(v) be the third derivative of v**4/4 - v**3/6 + 12*v**2. Determine s(2).
11
Let z be 4 + 0 - (-1 - -3). Suppose 3*p - 30 - 42 = 0. Suppose p = -w + c + 3*c, z*w = -3*c + 7. Let u(y) = -2*y - 3. Determine u(w).
5
Let i(b) = 1 + 0 + 5*b + 0*b**2 + b**2 - 4 + 0*b**2. Let k = -3 + -2. What is i(k)?
-3
Let a(i) = -i. Let f(b) = 4*b - 17. Let w(g) = -3*a(g) - f(g). What is w(0)?
17
Let x(v) = 6*v**3 + 41*v**2 - 25*v - 36. Let p(u) = u**3 + 8*u**2 - 5*u - 7. Let r(i) = 11*p(i) - 2*x(i). Suppose -55 = -y - 4*y. Let z = y + -6. What is r(z)?
-5
Let b(r) be the first derivative of -r**3/3 + r**2 + 10. Let w be (-4)/((-12)/3)*-2. What is b(w)?
-8
Let s(n) = -n**2 + 9*n + 11. Let r be s(10). Suppose -4 = -2*t - 3*w + 7, 5*w - r = t. Let h(m) = -m**3 + 4*m**2 + m. Determine h(t).
4
Let p(d) = -2*d - 4. Let a(v) = 2*v + 1. Let s be a(-3). Let k be ((-1)/(-1)*0)/1. Let c = s + k. What is p(c)?
6
Let x(y) = -y + 0 - 1 - 1. Let h be 1 - (3 - -1) - -7. Suppose -l - h = l. Calculate x(l).
0
Let d = -11 + 9. Let o be (-3)/(-18)*4*3. Let j(b) = 2*b**o - b**3 + 2*b + 2 - b**3 - 4*b**2. Calculate j(d).
6
Let r(y) be the first derivative of -y**3/3 + 3*y**2 - y + 36. Let k be 4/(-6) + 40/6. Calculate r(k).
-1
Let m(k) be the first derivative of -k**4/4 - 7*k**3/3 + k**2/2 + 2*k + 4. Determine m(-7).
-5
Suppose 4*x + 2*v = 4, -9 = -3*x + 3*v + 3. Let a(o) = 2*o**3 - o - 2. Give a(x).
12
Let h be (4 - 1)*6/9. Let u(q) be the second derivative of 0 + q**3 + 3*q**2 + 5/12*q**4 + 1/20*q**5 + h*q. Calculate u(-4).
-2
Let j(u) = -u**2 - u - 2. Let b be (-2)/((-7)/((-63)/(-6))). Let q(h) = h**2 + 3. Let s(p) = b*j(p) + 2*q(p). What is s(-5)?
-10
Suppose 4*g - 3*k + 13 = 0, -5*k + 9 - 30 = 4*g. Let l(o) = o**2 + o - 2. Give l(g).
10
Let c(g) = -4*g**2 - 19*g - 28. Let a(l) = 3*l**2 + 13*l + 19. Let x(b) = -7*a(b) - 5*c(b). What is x(5)?
2
Suppose 6*i = 2*i. Let o(q) = -q**2 + q + 6. Give o(i).
6
Suppose 0 = -2*v + 7*v - 30. Let l(k) = 2*k - 7. Let z(q) = -4*q + 14. Let n(b) = 13*l(b) + 6*z(b). Calculate n(v).
5
Let i be (42/(-9))/((-2)/(-3)). Let f(u) = u**3 + 8*u**2 + 8*u + 7. Let h be f(i). Let b be (h/(-3))/(-3 + 1). Let k(d) = d**2 + 4. What is k(b)?
4
Let w(u) = -u**2 + 2*u + 4. Let m(f) = -3*f - 17. Let o be m(-7). What is w(o)?
-4
Let i(t) = 3*t - 1. Let d be i(1). Let v(p) = d + 3*p**3 - 2*p**2 - 7*p**3 - 1. What is v(1)?
-5
Let n(j) be the second derivative of -j**5/120 + j**4/12 - j**3/3 - 4*j. Let d(u) be the second derivative of n(u). Determine d(3).
-1
Let p(f) be the third derivative of f**4/24 + f**3/2 + 11*f**2. What is p(-5)?
-2
Let u(j) = 3*j**2 - 6*j - 10. Let c(d) = 16*d**2 - 30*d - 52. Let z(a) = -2*c(a) + 11*u(a). Suppose -8 + 43 = 5*r. What is z(r)?
1
Let f be 3*(2 - (4 + -1)). Let l(n) be the third derivative of -n**6/120 - n**5/30 + n**4/6 + 2*n**3/3 - 3*n**2. Determine l(f).
1
Let s(m) = 3*m**2 - 2*m + 1. Suppose -4*j + 4*x = -j + 9, 4*x = 2*j + 10. Calculate s(j).
2
Let u(i) be the first derivative of -i**4/4 - 2*i**3 + i**2/2 - 7*i - 1. Calculate u(-6).
-13
Let j = -20 + 24. Let u(o) = 2*o + 4. Give u(j).
12
Let b(f) be the second derivative of -1/3*f**3 - 1/2*f**2 + 4*f - 1/4*f**4 + 0. Give b(-1).
-2
Let g(i) = -8*i + 3. Let c(w) = -1. Let y(l) = 3. Let h(k) = -4*c(k) - y(k). Let d(p) = -g(p) + 3*h(p). Determine d(1).
8
Let n(w) = -w**3 + 2*w**2 + w + 3. Suppose -15 = -9*k + 12. Give n(k).
-3
Let k(q) = q. Let j(z) = 9*z - 2. Let f(s) = j(s) - 5*k(s). Calculate f(2).
6
Let q(y) = 5*y - 1. Let u = -18 - -19. Calculate q(u).
4
Let h(f) be the second derivative of 3/2*f**2 - 2*f + 0 + 1/6*f**3. What is h(0)?
3
Let s(f) = 2*f - 10. Let l be s(11). Suppose -2*j - l = -6*j. Let a(r) = r**3 - 4*r**2 + r - 2. Calculate a(j).
-8
Let q(z) = z**2 - 3*z + 3 + 0 + 8*z. Suppose -3*o + 3*i + 2 = -7, -2*o + 5*i = -6. Suppose -o*v = 8*p - 4*p - 5, 2*p - 10 = 0. Give q(v).
3
Let r(k) = -k**2 + 4*k + 2. Let a be ((-2)/(-6))/((-6)/(-54)). Suppose -3*y - h = -1, -7 = -2*y + 6*y + a*h. Let o = y - -3. Give r(o).
-3
Let f be 17/5 - (-4)/(-10). Let i(q) = 5*q**2 + 7*q**2 - 11*q**2 - 2*q**3 - q - 6*q**f. Let b(g) = -g**2 + 7*g - 5. Let s be b(6). Calculate i(s).
-8
Let w(p) = -p - 3. Let k(u) be the third derivative of -u**6/240 + u**4/24 + u**2. Let b(o) be the second derivative of k(o). Let a be b(-1). Determine w(a).
-6
Let d(m) = -3*m - 1. Let l be d(-1). Let q(k) be the third derivative of 1/120*k**6 + 1/30*k**5 + 0*k - k**l + 0 - 1/8*k**4 + 1/6*k**3. Give q(-3).
1
Let o(m) be the third derivative of -m**5/60 - m**4/24 + m**3/3 - 12*m**2. Determine o(-2).
0
Let f(a) = -3*a**2 + 2*a + 1. Let o be f(2). Let l(p) = -p**2 - 8*p - 10. Calculate l(o).
-3
Let r(s) = -s + 2*s + s + 2. Suppose 51 + 51 = -2*k. Let t be (-4)/10 + k/(-15). Give r(t).
8
Let y(u) be the third derivative of -u**6/180 + u**5/40 - u**4/24 + 5*u**3/6 + 5*u**2. Let j(k) be the first derivative of y(k). Calculate j(3).
-10
Let g(u) = 5*u**3 - u**2 + 1. Let f(h) = h - 2. Let d be f(4). Suppose 0 = 3*x - 5*x - d. Calculate g(x).
-5
Suppose 0 = 3*r - 2 + 5. Let k(z) = 13*z + 6. Let n be 26/4*-1*-2. Let j(a) = -27*a - 13. Let p(l) = n*k(l) + 6*j(l). What is p(r)?
-7
Let q be ((3/(-3))/(-2))/(3/(-36)). Let p(a) = 2*a**2 + 8*a - 5. Give p(q).
19
Let o(g) be the third derivative of 1/12*g**4 + 0 + 0*g + 0*g**3 + 9*g**2. Give o(-1).
-2
Let b(i) = -2*i**3 - 7*i**2 - 5*i - 3. Let t(p) = p**2 + p. Let d(y) = -b(y) - 4*t(y). Let f(l) = -l**3 + l**2 - l. Let h(s) = d(s) + f(s). Determine h(-3).
12
Suppose 2*p + q = 23, -q - q = -2*p + 8. Let g(v) = -v + 14. What is g(p)?
5
Let v(y) = 5*y**3 + 3*y**2 + 17. Let c(s) = -3*s**3 - s**2 - 9. Let m(q) = 7*c(q) + 4*v(q). Determine m(5).
5
Let i(b) = 5*b + 2. Let v(j) = -1 + 4*j + 3 - j + 3*j. Let k(s) = 3*i(s) - 2*v(s). Determine k(-4).
-10
Let r(a) = 10*a - 1. Let j(n) = -n**3 + n**2 - 1. Let f be j(0). Calculate r(f).
-11
Suppose 0*s + 2*s - 19 = 5*r, -5*s = 5*r + 5. Let h(i) = -2*i**3 - i**2 + i. What is h(s)?
-18
Let p(a) = 3*a - 5. Let q(x) = x**2 - 12*x. Let o be q(8). Let k(y) = 9*y - 32 - 4*y + 9*y + 6*y. Let g(d) = o*p(d) + 5*k(d). What is g(-2)?
-8
Let n = -24 - -26. Suppose -4*d + n + 1 = c, 5*d = -5*c. Let z(x) = -10*x**2 - 2*x - 1. Determine z(c).
-9
Let a(h) = h**2 - 7*h - 2. Let s = 29 - 21. Calculate a(s).
6
Let u(t) be the third derivative of t**9/60480 + t**8/6720 + t**7/5040 - t**5/30 - t**2. Let b(q) be the third derivative of u(q). Calculate b(-3).
-3
Suppose 0*c + 5*w = -5*c + 35, 0 = -2*c - 3*w + 16. Let m(s) = -s**3 + 4*s**2 + 6*s - 4. Calculate m(c).
1
Suppose 2 = -4*r - 4*o + 10, -2*r - 3*o + 4 = 0. Let k(z) = -2*z**2 - 2